t common factor of 117 and b?
13
Let c be 2/4 - (-47)/(-2). Let y = 2235 - 2246. Let j = y - c. Calculate the greatest common divisor of j and 60.
12
Suppose 3 = 4*t - 3*w + 6, -3*w = 9. Let m(n) = -3*n**3 - 5*n**2 + 7*n - 1. Let l be m(t). Calculate the highest common divisor of l and 2.
2
Let m = -3945 + 3958. What is the highest common divisor of m and 13?
13
Let c = -336 + 339. Let g(d) = 2*d**3 - d**2 + 3*d - 4. Let x be g(c). What is the highest common factor of x and 25?
25
Suppose 0*d = d + 79. Suppose 1060*t - 1056*t - 320 = 0. Let b = t + d. Calculate the highest common factor of 3 and b.
1
Suppose -57 = -4*c - 3*o - 0*o, 5*o + 79 = 3*c. Let r be -1 + (-5)/(10/6). Let f be r/(-1 + -11)*27. What is the highest common divisor of c and f?
9
Suppose -680 = 29*t - 27650. What is the highest common factor of 120 and t?
30
Suppose -9*p + c + 2659 = 0, -40*c - 586 = -2*p - 41*c. What is the greatest common divisor of p and 43955?
295
Suppose 6*v - 42*v + 828 = 0. Calculate the highest common factor of 7751 and v.
23
Suppose -7 = -2*h - p, 5*h - p - 12 = 2*p. Suppose 3*q - 9 = 0, 0*j - j - q = -24. Let a be 3/(-6)*j/14*-20. Calculate the greatest common factor of h and a.
3
Suppose 10*y + 617 = 14*y + 5*g, -610 = -4*y + 2*g. What is the highest common divisor of 3247 and y?
17
Suppose -j - 6 + 60 = 0. Suppose -61 = -3*o + 5*u + 62, 57 = 2*o + 5*u. Calculate the greatest common factor of o and j.
18
Let c(q) = 4*q**2 - 4*q. Let y be c(4). Let o(g) = -g**3 - 2*g**2 - 10*g - 21. Let f be o(-3). What is the greatest common divisor of y and f?
6
Let l = 42 - -34. Let t be (-639)/(-15) + 6/15. Let f = l - t. What is the highest common divisor of f and 3?
3
Let l be (-4 - -219)*(-2 + (-931)/(-35)). Let b be l/30 - (-9)/(-30). What is the greatest common factor of 11 and b?
11
Suppose 392*g + 386111 = 3015255. What is the greatest common factor of g and 133?
19
Let y be 0/(18/6) + 23 + 5. What is the greatest common divisor of y and 329?
7
Let h be (3/(-3))/(2/(-8)). Suppose -2*z + 0 = -12. Suppose -4*a + z + 10 = 0. What is the greatest common divisor of h and a?
4
Let o(t) = 52*t - 80. Let h(l) = 2*l - 1. Let g(u) = 20*h(u) - o(u). Let m be g(-12). Let a be 6*2/(-8)*-34. Calculate the highest common factor of m and a.
51
Suppose 1606 = 2*r + z, 16*z + 781 = r + 11*z. Calculate the greatest common factor of 89 and r.
89
Let r = 5740 - 65. Calculate the greatest common factor of r and 75.
25
Suppose -2*o = -5*o - 12. Let w be (-1)/(16/164)*o. Let f = w - 39. What is the greatest common factor of 18 and f?
2
Suppose 35 = 5*c - 145. Let s be 3/9 - (-38)/3. Suppose -s*j = -3 - c. What is the highest common factor of j and 33?
3
Let i be 2/6*2 + (12 - 170/(-51)). What is the greatest common factor of i and 6784?
16
Let q be ((-37 + -23)/(-20))/(2/1176). Calculate the highest common divisor of q and 4788.
252
Suppose 63073 = 18*x - 11573. What is the greatest common divisor of 11 and x?
11
Let s(z) = -z**3 + 22*z**2 - 23*z + 45. Let g be s(21). Suppose 3*b + 2*r - 100 = -b, g*b = 2*r + 61. What is the highest common factor of 92 and b?
23
Let w be (-4 - -6*(2 + 13)) + -2. Suppose 15*c + 7*c - 1232 = 0. Calculate the greatest common divisor of w and c.
28
Suppose 97*u - 94*u = 5*t + 614, -t - 1 = 0. Let z = 99 - 70. What is the greatest common factor of u and z?
29
Let i(h) = -h**3 + 3*h**2 + 24*h + 17. Let a be i(-4). What is the highest common divisor of 2167 and a?
11
Suppose 0 = 32*w + w - 2065 - 1499. Calculate the highest common factor of w and 387.
9
Let q = 4797 - 2731. Suppose 0 = 21*r - q + 638. Calculate the highest common divisor of 68 and r.
68
Let j = -236 + 272. Let z be j - (-1 + 2)*8. What is the greatest common divisor of z and 112?
28
Suppose 5*p - 6*p + 24 = 0. Let z be ((-8)/6 + 2)*2850/76. Suppose -z*v = -p*v - 200. What is the highest common factor of v and 80?
40
Let g = 232 - 237. Let v be 1 + 0 + ((-40)/g - -27). What is the highest common factor of v and 198?
18
Suppose -5*h = -3*v + 1501, 15*v - 4*h - 1508 = 12*v. What is the greatest common factor of v and 176?
16
Let u = 1950 + 2615. Calculate the highest common factor of u and 110.
55
Suppose 7*x - 973 - 399 = 0. Calculate the highest common divisor of x and 5292.
196
Let m be (-60)/(-14)*(-11417)/(-466). Calculate the highest common factor of 17010 and m.
105
Let o = 39 + -35. Suppose -5 = -5*y, -y - 4*y - 39 = -o*a. Suppose a + 25 = 3*w. Calculate the greatest common divisor of w and 84.
12
Suppose -8*d - 930 = -3*d. Let i = d + 261. Let w = 153 - i. What is the highest common divisor of 6 and w?
6
Let s = 650 - 951. Let r = -209 - s. What is the highest common factor of r and 4?
4
Suppose 88 = -i + 25. Let z = -45 - i. Let w be 2/(-6) - 434/(-6). Calculate the highest common factor of z and w.
18
Let b = -64 - -25. Let u = b - -42. Let m be 75/9 + u/(-9). What is the greatest common factor of m and 56?
8
Suppose 47*d + 192 = 41*d. Let h be (-1 + d)*(28/(-21))/1. What is the greatest common divisor of h and 308?
44
Suppose -27*d = -51*d + 1920. Let r be 2 + -3 - 1*-1. Let q be ((r - -1) + -61)*-2. Calculate the highest common divisor of q and d.
40
Suppose -14*o + 1545 = -219. What is the greatest common divisor of 546 and o?
42
Let b be (4/3)/(-2)*(-621)/3. Suppose -6 = q - b. What is the highest common divisor of q and 110?
22
Let d = 2 + 30. Let y(m) = -136*m + 12912. Let v be y(86). What is the highest common factor of d and v?
32
Let o = -249 - -255. Let m be 5*o*(-15)/(-3). Calculate the greatest common factor of m and 225.
75
Let b = 181 - -347. What is the highest common divisor of 165 and b?
33
Let c(b) = -9*b - 5. Let t(i) = 3*i - 17. Let f be t(5). Let u be ((f - 0) + -3)*1. Let r be c(u). Calculate the greatest common factor of r and 5.
5
Suppose -20*p = -4842 + 1002. Suppose 0 = -4*r - p + 216. What is the greatest common divisor of 4 and r?
2
Suppose 3*n - 12 = -3*j, 3*n + 3*j - 7*j = 5. Suppose -3*w + 25*i + 7 = 20*i, 0 = 2*w - n*i - 5. What is the greatest common divisor of 64 and w?
4
Let i(u) = 11*u**2 - 527*u - 234. Let z be i(63). What is the highest common divisor of 9 and z?
9
Suppose -26 = -2*s + 3*p + 87, 3*p = -4*s + 181. Suppose -s = -17*x + 325. What is the highest common factor of 209 and x?
11
Suppose 28*p = 1649 + 5407. What is the highest common divisor of 644 and p?
28
Let k = 44 - 39. Suppose 0 = -y + k*v + 8, -4*y + 3*v = -2*y - 44. Suppose 0 = w - 8 - 48. Calculate the highest common divisor of w and y.
28
Let a be 16/12*603/268. Calculate the highest common factor of 793 and a.
1
Let j(n) = -238*n + 1430. Let s be j(6). What is the greatest common divisor of 768 and s?
2
Suppose -251*p + 665028 = 217*p. Calculate the greatest common factor of p and 783.
29
Let t be 30/8 + (-9)/12. Suppose -t*u = -77 + 14. Calculate the greatest common divisor of u and 399.
21
Suppose 0 = -57*p - 7993 + 75823. What is the highest common factor of p and 68?
34
Let g be (-224)/64*8/(-7). Let l = 3 + 1. Suppose l*y = -4*b + 80, -2*y - 48 - 62 = -g*b. Calculate the highest common divisor of b and 5.
5
Suppose 69*p + 862 - 14398 = -72*p. What is the greatest common factor of 5760 and p?
96
Suppose -63687 = -13*l - 19461. What is the highest common divisor of 27 and l?
27
Let t(z) = -283*z + 2543. Let g be t(8). What is the greatest common factor of 2139 and g?
93
Suppose 22*u - 28*u = -36. Suppose -u*s = -331 + 97. Let w(v) = v**3 + 6*v**2 - 10*v - 8. Let t be w(-7). What is the highest common factor of t and s?
13
Let y(r) = r**2 + 16*r - 354. Let f be y(15). Calculate the greatest common factor of f and 5883.
111
Let g = 7 - 14. Let k(h) = h**2 + 6*h - 4. Let t be k(g). Let r(i) = -i**3 + i**2 + 13*i - 15. Let p be r(3). What is the highest common factor of t and p?
3
Suppose 0 = -10*v + 912 + 448. Suppose -v = -2*g - 104. What is the highest common divisor of g and 304?
16
Let s be (3 - -2)/((-15)/(-69)). What is the highest common divisor of 2599 and s?
23
Suppose 3*z = 3*c + 204, -5*c = -10*c + 20. Calculate the highest common factor of 342 and z.
18
Let f be 6*64/(-72)*(-9)/4. What is the greatest common divisor of 12588 and f?
12
Let x = 4239 + 1025. What is the greatest common divisor of x and 14?
14
Let c = -24 + 34. Let h = -10 + c. Suppose -3*m 